 s(b) = -28*b**2 - 6*b - 19. Let i(y) = 13*f(y) - 6*s(y). Give i(3).
-21
Suppose -4 = -3*b + 11. Suppose -10*f = -5*f. Suppose 2*z + 17 = -5*n - z, f = -b*n - 4*z - 21. Let w(h) = h**2 + h. Determine w(n).
0
Let h(k) be the third derivative of k**5/30 + 7*k**4/24 - k**3/3 - 42*k**2. What is h(-5)?
13
Let b(d) = 139 - 3*d - 140 + d. Suppose -3*w - 36 = -0*w. Let t be (-3)/w*2*-2. Determine b(t).
1
Let h(t) = t**2 - 13*t + 7. Let o be h(12). Let a(q) = -q + 30. Let z(x) = -6. Let b(d) = 2*a(d) + 11*z(d). Calculate b(o).
4
Let f(h) = 9*h - 1. Suppose -3*t + 20 = 2*k, -k = 3*k - 5*t - 18. Suppose 3*v = 2*b - 0*v + 19, -4*v = b - k. Let l = b - -6. What is f(l)?
8
Let t(p) be the second derivative of -1/12*p**4 - 1/15*p**5 + 0*p**2 + 0 + 0*p**3 + 1/720*p**6 + 2*p. Let n(m) be the third derivative of t(m). What is n(4)?
-4
Let j(t) = -t**2 + 3*t - 5. Let o be (-1)/(-5) - 19/(-5). Give j(o).
-9
Let h(z) = 3*z**2 - 3 - 2*z + 6*z**3 - 5*z**3 - z. Determine h(-2).
7
Let b(a) be the second derivative of 2*a**2 + a + 0 + 1/20*a**5 + 1/4*a**4 - 1/2*a**3. Let i be 1 + -1 + -2*2. Determine b(i).
0
Let u(r) be the first derivative of r**6/120 - r**5/30 - r**4/8 - r**3/2 + r**2/2 - 2. Let f(h) be the second derivative of u(h). Calculate f(3).
-3
Let x be 2/(-6) - (-4)/3. Let p(a) = -a + x + 0*a - 2. What is p(4)?
-5
Let j be 75/2 - (-3)/6. Suppose -7 - j = -5*o + 5*i, -4*o - 5*i - 9 = 0. Let h(l) be the second derivative of -l**3/2 + 3*l**2/2 - 5*l. Determine h(o).
-9
Let b(d) = 9 - 15 - 4*d**3 + 2*d + d**2 + 10*d**3 + 7. Calculate b(-1).
-6
Let b(q) = 2*q + 6. Let o(r) = -r + 5. Let s be o(6). Let u be s/4 + 27/12. Suppose -3*f = -u + 14. Give b(f).
-2
Suppose 2*n - w + 9 - 2 = 0, 4*n = -w - 29. Let b(u) = u**2 + 7*u + 9. Determine b(n).
3
Let z(l) = -3*l - 20 + 0*l + 23 + 2*l**2 - 2*l**3. Let p be (2 - (-8)/(-2))/(-1). What is z(p)?
-11
Let y(a) = a - 5. Let h be y(6). Let w(g) = 0*g + 0*g**2 - h + g - g**2. Determine w(0).
-1
Let j(x) be the first derivative of -x**4/4 + x**2/2 + 3*x - 9. Determine j(0).
3
Let o(k) = k**2 + k - 1. Let n be -3 - (0/(-3))/(-1). Calculate o(n).
5
Let b(y) = -y**3 - 6*y**2 - y + 2. Suppose -5*p - 7 = -3*q, 0*q = -2*q - 5*p - 37. Calculate b(q).
8
Let h = 37 - 33. Let x(y) = y**2 - 6*y + 1. Give x(h).
-7
Let c(o) = -o**2 - 2*o - 1. Let z be (-5 - -1)*(-2 - -1). Suppose -2*x - z = -2. Determine c(x).
0
Let p(q) = 30 - q + 0*q - 37. Determine p(-5).
-2
Let a(d) = d**2 - 5*d + 10. Let h be a(7). Let u be 5/3 - (-8)/h. Suppose u*q = 4*i + 4*q - 18, 0 = -3*q + 15. Let s(o) = o**2 - 3*o + 1. What is s(i)?
-1
Suppose -3*t + 27 - 9 = 0. Suppose -t*h + h = 15. Let n(o) = o**3 + 4*o**2 + 4*o - 1. Determine n(h).
-4
Let n(g) = g**2 - 3*g + 4. Let q = 23 + -18. Give n(q).
14
Let f(l) be the third derivative of 2*l**2 + 0*l + 1/24*l**4 + 2*l**3 + 0. Calculate f(-6).
6
Suppose -3*n = n - 20. Suppose 3*v = n*v + 10. Let d(f) = f + 5. Determine d(v).
0
Let q(f) = 11*f**2 - 30*f**2 + 20*f**2 + 5*f - 6. What is q(-6)?
0
Let j = -1 + -1. Let p(x) = -x + 5. Let a be p(3). Let v(n) = 3 - 3*n**2 + 6*n**2 - a*n + 5*n + n. What is v(j)?
7
Let a(o) be the third derivative of o**5/60 - o**4/6 - o**3/6 + 3*o**2. Let w be 5/(-2)*(-4 - -2). Give a(w).
4
Let v(t) = t - 13. Suppose 0 = 2*w + 10, 2*k - 5*w = 3*k + 15. Give v(k).
-3
Let a(s) = -s**2 - 2*s - 1. Let o be a(-2). Let i be o*1 + -2 + 5. Let j(h) = 8*h**3 + 4*h**2 - i*h**3 - 3*h**2. Give j(-1).
-5
Let n(f) = -3*f**2 - 2*f + 4*f**2 - f**3 + f**2 + 4*f**2 - 3. What is n(6)?
-15
Suppose -l + 1 + 7 = z, 5*z = 10. Let y = -7 + l. Let n(r) be the second derivative of -7*r**5/20 + r**4/12 - r**3/6 - r**2/2 + r. Determine n(y).
8
Let t(i) = i + 3. Suppose 4*d - 6 = 3*n, -3*n = -d + 6*d - 21. Let b be n/((-10)/4 - -3). Give t(b).
7
Let h(u) = u**2 - 6*u - 9. Let q be 16/5 + 4/5 + 3. Calculate h(q).
-2
Let x = -12 - -14. Let o(u) be the third derivative of -u**x + 0 + 0*u + 1/6*u**3 + 1/24*u**4 + 1/60*u**5. Calculate o(-1).
1
Suppose 0 = -5*v - 4*i + 70, 3*i + 5 = 2*v - 0. Suppose 0 = 2*k - 2*l + 4 - v, 4*k = -l + 17. Let h(u) = u - 1. Determine h(k).
3
Let t(q) = q**2 - 2*q - 5. Let k be t(4). Let p be 0 - ((-6)/2 - 0). Let n(o) = 4*o**k + 0*o**p + 0*o - o. Determine n(-1).
-3
Let v(m) = m**2 - 2*m + 1. Let x(o) = -o**2 + 6*o + 1. Let l = 6 - 0. Let u be x(l). What is v(u)?
0
Let p(a) = -2*a**3 + 9*a**2 + 9*a - 7. Let d(l) = 3*l**3 - 10*l**2 - 11*l + 7. Let g(x) = 3*d(x) + 4*p(x). Let s = -8 - -3. What is g(s)?
3
Let c(d) = d - 1. Let g(b) = -3*b - 3. Let i(w) = 4*c(w) - g(w). What is i(2)?
13
Let c(o) = -6*o**2 - 6*o - 1. Let n(r) = 5*r**2 + 6*r. Let z(g) = 4*c(g) + 5*n(g). Determine z(-5).
-9
Let f(y) = 6*y - 3 - 2*y - 2*y - 1. Calculate f(4).
4
Let o(t) = t**3 + 7*t**2 + t + 9. Let p be o(-7). Let r(u) be the first derivative of -1 + 8*u - 1/2*u**p. Give r(4).
4
Let h(m) = -m**3 + 6*m**2 + 15*m + 7. Let g be h(8). Let r(j) = -3*j**3 + j**2. Calculate r(g).
4
Let d(h) = h**3 + 5*h**2 + 4*h - 2. Let l be (26/3 + -2)*3. Suppose 4*a + l = -a. Give d(a).
-2
Suppose -6 = 2*h - 2*j, 0 = 6*h - h + j - 9. Let k(w) = 2*w**2 - 2*w + 1. What is k(h)?
1
Let y(h) be the second derivative of h + 0*h**4 - 1/2*h**2 + 1/2*h**5 + 1/3*h**3 + 0. Give y(1).
11
Let k(n) = -4*n + 2. Let o(h) = -9*h + 5. Let s(v) = 5*k(v) - 2*o(v). Give s(6).
-12
Suppose -11*q = -6*q + 5. Let w(o) = 5*o**3 + o + 1. Calculate w(q).
-5
Let s = 4 - 3. Let k(i) = 3*i - 1. Let z be k(s). Let b(c) = z*c - 1 - 2 + 2*c**2 + 2. Determine b(1).
3
Let n(u) be the first derivative of u**4/4 + 4*u**3/3 - 5*u**2/2 - 7*u + 6. Calculate n(-5).
-7
Let s = 12 + -18. Let v(y) = 8*y**2 + 5*y - 2. Let k(p) = -17*p**2 - 10*p + 5. Let u(a) = s*k(a) - 13*v(a). Let r be 2*(-1)/4*6. Determine u(r).
-7
Let u(h) = -1 - 5*h**2 - 1 + 3 - h. Let s(w) = -w**3 - w**2 + w - 1. Let i be s(-2). Calculate u(i).
-5
Let q(g) = -5*g - 7. Let b(y) = 11*y + 15. Let i(h) = 6*b(h) + 13*q(h). Determine i(-4).
-5
Let h(j) = 2*j - 1. Let v(s) = s - 9. Let n be v(9). Suppose 2*l - 17 + 7 = n. What is h(l)?
9
Let o(q) = q**2 - 7*q + 2. Let w be -3 + 10 - 4/2. Let h = w - 0. Determine o(h).
-8
Let b be 1*5 - (-5 - -16). Let l(y) = -y - 8. Calculate l(b).
-2
Let v(m) = 5*m**2 + 1 + 8*m + m**3 - 6 - 2*m**3. Let q be -9*3/(18/(-4)). What is v(q)?
7
Let m(d) = -13*d + 9 + 9*d**2 + 27*d - d**3 - 16*d. Calculate m(9).
-9
Let h(y) be the first derivative of y**2/2 - 2. Let r(p) = 2*p. Let z(d) = 3*h(d) - r(d). Let j(n) = n - 6. Let v be j(5). Determine z(v).
-1
Let x = 17 + -11. Let h(j) = 7 + 4*j + 4 - x + 3. Determine h(-6).
-16
Let a(m) = 3*m**2 + 0*m - 2*m**2 - 4*m. Let d = 122 + -118. Calculate a(d).
0
Let b be 12/66 - (-60)/33. Let x(p) = 1 - p**2 - 3 + 0 + p**3. What is x(b)?
2
Let x be ((-6)/9)/((-4)/6). Let q(c) = 3*c + 1. Let h be q(x). Let w be (-4 - -2)/h*-4. Let o(i) = i**3 - 2*i**2 + 2*i. Calculate o(w).
4
Let a be (-18)/(-24)*(-32)/(-12). Let o(l) = l**3 - 2*l**2 - l + 2. Calculate o(a).
0
Let d be 7/3 + (-3)/9. Let r(s) = -s**2 + 4*s + 2 + 1 - 7*s**d + 3*s**2 + s**3. Let z be r(4). Let q(f) = f - 2. Calculate q(z).
1
Let z = 76 - 73. Let g(h) = -h**3 + 5*h - 2. Give g(z).
-14
Let u(p) = -4 + 4*p + p**2 + 4. Let f(h) = -h**3 - 8*h**2 - 4. Let k be f(-8). Determine u(k).
0
Let j(x) be the first derivative of -x**2/2 + 5*x + 6. Determine j(4).
1
Let c(w) be the first derivative of w**3/3 - 3*w**2 + 2*w + 2. Suppose -2*r + 40 = -4*n, r + 25 = 2*r - 3*n. Let j be (-96)/(-20) - (-2)/r. Calculate c(j).
-3
Let u be (174/20)/(-3) - -3. Let l(n) be the third derivative of 0*n + 5/24*n**4 + 1/120*n**6 + 0 + 2/3*n**3 - u*n**5 + 3*n**2. What is l(5)?
4
Let u(t) = t + 3. Let g be u(0). Let r(i) = -6*i - 4 + i**g - i**2 + 4*i**2 - 2. Determine r(-4).
2
Let a be ((-12)/15)/(2/(-10)). Suppose a*w = 2*w. Let v(t) = w + 4 + t**3 - 1 - 2*t + t**2. What is v(-3)?
-9
Let p be 5 + -4 + 2*1. Let a(h) be the second derivative of h**3/6 - 2*h**2 + 2*h. Let o be a(p). Let d(v) = 2*v + 1. Calculate d(o).
-1
Let f(z) = z**2 + 6*z - 10. Let g(k) = -k**3 - k**2 + k + 2. Let j be g(2). Give f(j).
6
Let f(u) = 3*u + 6. Let t be 1/(((-12)/(-32))/(-3)). Let v(a) = -a**3 - 9*a**2 - 7*a + 4. Let x be v(t). Determine f(x).
-6
Let f(i) = i. Let s(q) = -6*q - 1. Let n(h) = -4*f(h) - s(h). Calculate n(-7).
-13
Suppose 24 +